s digit of 6344986?
8
What is the hundreds digit of 12207988?
9
What is the millions digit of 4022728?
4
What is the thousands digit of 2885?
2
What is the units digit of 2066129?
9
What is the hundreds digit of 1222965?
9
What is the thousands digit of 25139095?
9
What is the hundreds digit of 913539?
5
What is the ten thousands digit of 120545?
2
What is the hundred thousands digit of 5533683?
5
What is the millions digit of 3855796?
3
What is the tens digit of 3700323?
2
What is the tens digit of 13922205?
0
What is the thousands digit of 12935058?
5
What is the millions digit of 1324842?
1
What is the units digit of 356495?
5
What is the thousands digit of 649268?
9
What is the tens digit of 683496?
9
What is the hundreds digit of 1678553?
5
What is the tens digit of 196020?
2
What is the thousands digit of 1714614?
4
What is the tens digit of 21955168?
6
What is the tens digit of 7467539?
3
What is the tens digit of 20398?
9
What is the tens digit of 33230?
3
What is the thousands digit of 2975400?
5
What is the hundreds digit of 701640?
6
What is the millions digit of 1111244?
1
What is the units digit of 5278977?
7
What is the tens digit of 294082?
8
What is the thousands digit of 3040508?
0
What is the units digit of 23536451?
1
What is the hundred thousands digit of 1370754?
3
What is the thousands digit of 939851?
9
What is the ten thousands digit of 9196797?
9
What is the millions digit of 15070235?
5
What is the thousands digit of 431280?
1
What is the ten thousands digit of 764821?
6
What is the thousands digit of 162047?
2
What is the units digit of 36684?
4
What is the hundreds digit of 626167?
1
What is the tens digit of 3792124?
2
What is the units digit of 942241?
1
What is the ten thousands digit of 786157?
8
What is the ten thousands digit of 99305?
9
What is the hundreds digit of 457387?
3
What is the units digit of 741240?
0
What is the tens digit of 3110214?
1
What is the units digit of 577917?
7
What is the thousands digit of 12822598?
2
What is the tens digit of 773736?
3
What is the tens digit of 18751125?
2
What is the ten thousands digit of 1080771?
8
What is the millions digit of 20513622?
0
What is the ten thousands digit of 2907056?
0
What is the tens digit of 459058?
5
What is the hundred thousands digit of 11956980?
9
What is the hundreds digit of 185381?
3
What is the ten thousands digit of 1097591?
9
What is the tens digit of 11060403?
0
What is the hundreds digit of 5664657?
6
What is the units digit of 33210990?
0
What is the hundreds digit of 50218?
2
What is the millions digit of 8393177?
8
What is the units digit of 4965741?
1
What is the ten thousands digit of 578212?
7
What is the hundred thousands digit of 148304?
1
What is the hundreds digit of 621464?
4
What is the hundreds digit of 581534?
5
What is the hundreds digit of 5183412?
4
What is the tens digit of 1871582?
8
What is the hundred thousands digit of 112512?
1
What is the units digit of 26523143?
3
What is the ten millions digit of 10649502?
1
What is the hundreds digit of 14180669?
6
What is the thousands digit of 788921?
8
What is the units digit of 135973?
3
What is the ten thousands digit of 11765255?
6
What is the hundreds digit of 1721244?
2
What is the hundreds digit of 190099?
0
What is the units digit of 2197294?
4
What is the hundreds digit of 2262603?
6
What is the ten thousands digit of 12265168?
6
What is the thousands digit of 9120950?
0
What is the hundred thousands digit of 17466819?
4
What is the millions digit of 1235671?
1
What is the thousands digit of 391492?
1
What is the millions digit of 7312904?
7
What is the ten thousands digit of 205402?
0
What is the hundred thousands digit of 1167662?
1
What is the hundreds digit of 14930514?
5
What is the ten thousands digit of 38440?
3
What is the hundred thousands digit of 1406569?
4
What is the tens digit of 2483417?
1
What is the units digit of 40630?
0
What is the hundred thousands digit of 126495?
1
What is the hundreds digit of 193816?
8
What is the ten thousands digit of 599688?
9
What is the units digit of 7340641?
1
What is the thousands digit of 572876?
2
What is the hundred thousands digit of 3906877?
9
What is the ten thousands digit of 9693210?
9
What is the hundred thousands digit of 770817?
7
What is the hundreds digit of 87253?
2
What is the units digit of 29470185?
5
What is the millions digit of 36779627?
6
What is the hundreds digit of 188541?
5
What is the hundreds digit of 11447899?
8
What is the hundreds digit of 11162801?
8
What is the hundreds digit of 326285?
2
What is the millions digit of 19280423?
9
What is the tens digit of 566737?
3
What is the tens digit of 6366713?
1
What is the ten thousands digit of 1384258?
8
What is the ten thousands digit of 241710?
4
What is the ten thousands digit of 1569434?
6
What is the tens digit of 12319611?
1
What is the hundred thousands digit of 2015743?
0
What is the hundreds digit of 91709?
7
What is the hundreds digit of 7732554?
5
What is the ten thousands digit of 13316159?
1
What is the hundreds digit of 102766?
7
What is the tens digit of 1491689?
8
What is the ten thousands digit of 381716?
8
What is the ten thousands digit of 1865660?
6
What is the hundred thousands digit of 100917?
1
What is the hundreds digit of 14949110?
1
What is the hundred thousands digit of 176942?
1
What is the ten thousands digit of 323204?
2
What is the ten thousands digit of 1297206?
9
What is the hundred thousands digit of 211281?
2
What is the tens digit of 5236160?
6
What is the thousands digit of 45139?
5
What is the hundred thousands digit of 184393?
1
What is the tens digit of 770899?
9
What is the ten thousands digit of 100512?
0
What is the units digit of 463213?
3
What is the hundreds digit of 1349353?
3
What is the units digit of 244262?
2
What is the hundreds digit of 7921374?
3
What is the tens digit of 16971014?
1
What is the tens digit of 24607?
0
What is the thousands digit of 8450683?
0
What is the tens digit of 220667?
6
What is the tens digit of 213375?
7
What is the thousands digit of 810632?
0
What is the thousands digit of 578912?
8
What is the hundreds digit of 270709?
7
What is the hundred thousands digit of 123030?
1
What is the tens digit of 4395025?
2
What is the hundred thousands digit of 1023711?
0
What is the tens digit of 779920?
2
What is the thousands digit of 100652?
0
What is the hundred thousands digit of 3373356?
3
What is the hundred thousands digit of 277053?
2
What is the units digit of 448648?
8
What is the tens digit of 1591590?
9
What is the hundred thousands digit of 1252864?
2
What is the thousands digit of 35122485?
2
What is the thousands digit of 119483?
9
What is the thousands digit of 1792925?
2
What is the ten thousands digit of 35920?
3
What is the ten thousands digit of 220224?
2
What is the thousands digit of 812393?
2
What is the hundred thousands digit of 869638?
8
What is the thousands digit of 248589?
8
What is the thousands digit of 97283?
7
What is the hundreds digit of 3900347?
3
What is the thousands digit of 501943?
1
What is the thousands digit of 5735673?
5
What is the ten thousands digit of 730827?
3
What is the units digit of 7940404?
4
What is the units digit of 82838?
8
What is the ten thousands digit of 1495172?
9
What is the units digit of 5151597?
7
What is the hundreds digit of 282112?
1
What is the hundred thousands digit of 874825?
8
What is the ten thousands digit of 50042?
5
What is the millions digit of 1457927?
1
What is the tens digit of 160938?
3
What is the thousands digit of 354755?
4
What is the millions digit of 1994380?
1
What is the hundred thousands digit of 259362?
2
What is the tens digit of 1027335?
3
What is the thousands digit of 5321?
5
What is the units digit of 1917369?
9
What is the ten thousands digit of 9152657?
5
What is the ten thousands digit of 5257926?
5
What is the tens digit of 191544?
4
What is the ten thousands digit of 18706018?
0
What is the thousands digit of 8297006?
7
What is the hundreds digit of 930461?
4
What is the units digit of 111121?
1
What is the units digit of 234061?
1
What is the ten thousands digit of 5214390?
1
What is the thousands digit of 321208?
1
What is the ten thousands digit of 68816?
6
What i